. Let b be f(-1). Calculate the greatest common factor of 9 and b.
1
Let q(v) = 4*v**2 + 13*v + 1. Let d be q(-5). Suppose -2*w + 13 = -11. Calculate the highest common factor of w and d.
12
Let c(z) = 8*z - 6. Let k be c(8). What is the greatest common factor of 29 and k?
29
Suppose -2*x = -3*x + 35. Calculate the highest common divisor of x and 14.
7
Let u(s) = -s**3 - 9*s**2 - 12*s + 4. Let o(r) = 10*r**3 + r**2 + r + 1. Let w be o(-1). Let b be u(w). Calculate the highest common divisor of b and 14.
14
Let d be 1*(3 - -2 - 3). What is the highest common factor of d and 1?
1
Let g be (-61)/(-3) - 6/(-9). Let n = -15 + 36. Suppose 4*b - 21 = 3*m, 9*b - 2*m - n = 4*b. Calculate the highest common divisor of b and g.
3
Let y be (1 - 2) + -4 + 2. Let o be y/18*-16*21. Calculate the highest common divisor of o and 14.
14
Let w = -15 + 45. Suppose 4*f - w = -f. What is the highest common divisor of 30 and f?
6
Suppose 0 = j - 2*p + 5, 10*p + 26 = -3*j + 5*p. Let q(k) = k**3 + 6*k**2 - 9*k. Let y be q(j). Calculate the highest common divisor of y and 112.
14
Let d(z) be the third derivative of -z**6/40 - z**5/60 - z**4/24 - z**2. Let b be d(-1). What is the greatest common factor of 18 and b?
3
Suppose -5*x + 74 = -2*b - 94, -3*b = 2*x + 252. Let k = 168 + b. What is the greatest common divisor of 12 and k?
12
Suppose 3*l + 6 = 5*l. Suppose -5 = l*d - 29. Let n = d + 12. Calculate the greatest common divisor of n and 160.
20
Let b = 15 + -3. Calculate the greatest common divisor of b and 12.
12
Let o(u) = u**2 - 3*u + 1. Let q be o(8). Suppose 2*d = -s + q, -4*s - 17 = -d - s. Calculate the highest common divisor of d and 8.
4
Let r = 7 - -25. What is the highest common factor of 288 and r?
32
Let h(u) = -u**3 - u**2 - 5*u - 6. Let i be h(-3). Calculate the highest common factor of 189 and i.
27
Suppose 0*t = -4*t + 1280. Suppose 0 = -5*y + t + 380. What is the greatest common factor of y and 20?
20
Let b be (-9)/(-27)*(7 + -1) - -11. Calculate the greatest common factor of 1 and b.
1
Let q(l) = 6*l + 85. Let f be q(-13). What is the highest common divisor of f and 35?
7
Suppose -j + 3*y - y = -4, j = 5*y - 8. Let p = 0 + 8. Let z be ((-22)/p + 2)*-144. Calculate the highest common divisor of j and z.
12
Let p(u) = 39*u + 3. Let k be p(3). Suppose -m + 4*n - 6 - 12 = 0, -2*m + 5*n = 42. Let d = m - -41. What is the greatest common divisor of k and d?
15
Let x be 6/(-4)*(-48)/18. Let p be -5*((-12)/10 - 2). Calculate the greatest common divisor of p and x.
4
Let l = -217 - -417. Suppose s - l = -3*s. What is the highest common divisor of s and 20?
10
Suppose 0 = -4*y + 2*y + 16. Suppose 5*p = n + 3, n - y = -2*n - 2*p. Calculate the highest common factor of n and 2.
2
Suppose -3*d = 4 - 13. Suppose -d*y + 5*y = 14. Calculate the highest common factor of 7 and y.
7
Let n be (-2539)/(-11) + ((-53)/11 - -5). What is the greatest common factor of n and 21?
21
Suppose 3*i = 96 - 66. Suppose -5*j + 4*k - 276 = -842, 542 = 5*j + 2*k. What is the highest common factor of j and i?
10
Suppose -4*m = 6*m - 280. Let k(l) = l**2 - 5*l - 10. Let y be k(8). Calculate the highest common factor of m and y.
14
Let s(u) be the second derivative of -2*u**3/3 - 5*u. Let v be s(-3). What is the highest common divisor of v and 30?
6
Suppose -4 - 4 = -d. Let t be (7 - d)/(2/(-110)). Calculate the highest common divisor of t and 11.
11
Let g be 3/9 - (1 - (-58)/(-6)). What is the highest common factor of 45 and g?
9
Let m be (-74)/6 - (-2)/6. Let d = -5 - m. Let t(p) = p**3 + p + 70. Let s be t(0). What is the greatest common divisor of d and s?
7
Let d be 47/5 + 10/(-25). Suppose 2 = -i + 3*i. Calculate the greatest common divisor of i and d.
1
Let b(o) = -o**2 + 16*o - 8. Let x be b(15). Calculate the greatest common factor of x and 14.
7
Suppose 0 = 2*h - 2*n - 16, -n = -2 + 1. Suppose -14 = -c - 4*a, -6*a = -3*a - h. Let u be (-2)/3*(-15)/c. Calculate the greatest common divisor of 2 and u.
1
Let z = 278 - 161. Let f be 0 + -1 + -2 - -16. What is the greatest common factor of z and f?
13
Let g(d) = d**3 + 6*d**2 - 8*d + 2. Suppose 0 = 5*j - 3*b + 24, 0 = 4*j - 3*b + 10 + 8. Let c be g(j). Calculate the highest common factor of c and 10.
10
Let c be (-28 + 3 + 0)/1. Let v be (-2)/(-5) + (-215)/c. Calculate the highest common divisor of v and 18.
9
Suppose 5*r - 124 = 51. Suppose 0 = -34*g + r*g - 9. Calculate the highest common divisor of 81 and g.
9
Let i be 2/(-4) - 10/(-4). Let v be 25/i - 1/(-2). Let j be 3*65/45*3. What is the greatest common factor of j and v?
13
Suppose c + 5*t = -18, -t = -5*c + t + 18. Suppose -3*q + 3*h = q - 354, -184 = -c*q - 2*h. Suppose -4*k + q = k. What is the greatest common factor of k and 2?
2
Suppose -2*n + 25 = 5*d, 0*n + 55 = 4*n + 5*d. What is the highest common divisor of n and 35?
5
Let m(a) = -a**2 - 5*a + 6. Let w be m(-3). Suppose -7*t + 3*t + 432 = 0. Calculate the greatest common factor of t and w.
12
Let a(u) = u**2 - 11*u - 6. Let m be a(14). What is the highest common factor of 90 and m?
18
Let b = 146 + -58. Calculate the greatest common divisor of b and 16.
8
Suppose -5*c - 10 = -0*c. Let p(k) = k**2 + k + 1. Let b be p(c). Let s be (2 - b)/((-2)/78). What is the highest common divisor of 26 and s?
13
Let d = -79 - -133. Let o = 122 - d. Let r = 123 - o. Calculate the highest common divisor of r and 5.
5
Let p(v) = v + 7. Let u be p(-7). Suppose r - 2*t - 19 = 55, u = 2*r + 5*t - 130. Calculate the greatest common factor of r and 14.
14
Suppose 343 + 65 = 3*p. Calculate the highest common divisor of p and 17.
17
Let p be (-45)/(-6)*(20/3)/5. Suppose 2 = -3*j + 8. Calculate the greatest common factor of p and j.
2
Let y = -81 + 228. Calculate the greatest common divisor of 21 and y.
21
Let y = 5 + 7. Calculate the greatest common factor of y and 96.
12
Let t be 6/(-21) + 1902/42. What is the highest common factor of t and 105?
15
Suppose 3*q - 129 = 2*s, 0 = 3*q + 2*q - 3*s - 216. Let g be (90/(-375)*5)/((-2)/30). Calculate the highest common divisor of q and g.
9
Let p(x) = 2*x + 3. Let b be p(9). Calculate the highest common divisor of b and 189.
21
Let d be 20/(-30) + (-526)/(-6). Suppose -2*m + 19 = 2*l - 67, 3*l - d = -2*m. Calculate the greatest common factor of 105 and m.
21
Let i be (-752 + 2)/(-5)*(-12)/(-15). Calculate the highest common factor of 48 and i.
24
Suppose -5*n + 114 = -11. Let s = n - 16. Let i = 1 + s. What is the highest common factor of i and 60?
10
Suppose 9 = 3*d - 42. Calculate the highest common divisor of 85 and d.
17
Let q(k) = -k**3 - 2*k**2 - 3*k. Let w be q(-2). Let v be w/(3*-1) - 0. Let u be 28*1/((-2)/v). Calculate the greatest common factor of 14 and u.
14
Suppose -5*q + 225 = -2*q. Calculate the greatest common divisor of 25 and q.
25
Let z = -43 - -69. Calculate the highest common divisor of z and 234.
26
Let p be ((-2240)/48)/((-4)/6). What is the highest common factor of p and 10?
10
Let b be ((-1)/(-2))/(2/12). Suppose n + b*n = -x + 10, 4*x - 55 = -n. What is the greatest common factor of 35 and x?
7
Let a(j) = 7*j + 1. Let p be a(2). What is the greatest common factor of 5 and p?
5
Let k = 13 - 18. Let o = k + 41. Calculate the greatest common divisor of 9 and o.
9
Let y = -30 - -58. Calculate the highest common factor of y and 14.
14
Suppose v = -v. Suppose v = -o + 3*o - 424. Suppose 5*t = d + o, -4*t + 3*d + 166 = 4*d. What is the highest common factor of t and 6?
6
Let j(c) = -2*c**2 - 16*c - 12. Let z be j(-6). What is the greatest common factor of z and 132?
12
Let n(r) = r**2 - r + 18. Let w be n(-6). Calculate the greatest common divisor of w and 12.
12
Let d(r) = -r**3 + 17*r**2 - 7*r - 18. Let x be d(16). Calculate the greatest common divisor of 7 and x.
7
Suppose 4*k + 388 = 5*l + k, 2*l = -5*k + 180. Let g(v) = -v**2 - 8*v + 10. Let s be g(-8). What is the highest common divisor of l and s?
10
Let n be 4 + -5 - 4*-1. What is the greatest common divisor of n and 33?
3
Let m = 24 + -10. Let c(b) = -b**2 + 20*b - 36. Let y be c(16). Calculate the greatest common factor of m and y.
14
Let v = -5 + 7. Let q = v - -4. What is the greatest common divisor of 42 and q?
6
Suppose 2*b + 26 = p - 44, 4*p = -2*b + 270. What is the greatest common factor of 17 and p?
17
L